digit of 455682943?
9
What is the hundreds digit of 359259773?
7
What is the ten millions digit of 306770289?
0
What is the tens digit of 142090804?
0
What is the tens digit of 1414716031?
3
What is the ten thousands digit of 47480601?
8
What is the units digit of 4303707099?
9
What is the tens digit of 295071362?
6
What is the units digit of 2424403908?
8
What is the ten thousands digit of 326745311?
4
What is the units digit of 1151549760?
0
What is the millions digit of 526634354?
6
What is the billions digit of 5240884217?
5
What is the hundred thousands digit of 190007839?
0
What is the ten thousands digit of 220891977?
9
What is the ten millions digit of 141858117?
4
What is the ten thousands digit of 106591521?
9
What is the hundred millions digit of 1017131099?
0
What is the hundreds digit of 346171473?
4
What is the hundred thousands digit of 769902437?
9
What is the thousands digit of 35767638?
7
What is the ten thousands digit of 3420830230?
3
What is the ten millions digit of 103553456?
0
What is the tens digit of 2944672530?
3
What is the units digit of 124226141?
1
What is the hundred thousands digit of 891359671?
3
What is the ten thousands digit of 1844081002?
8
What is the hundred thousands digit of 2123631319?
6
What is the hundred millions digit of 295139233?
2
What is the hundreds digit of 21440843?
8
What is the hundred thousands digit of 4205348565?
3
What is the billions digit of 1377241003?
1
What is the ten thousands digit of 102833666?
3
What is the tens digit of 57978443?
4
What is the hundreds digit of 4129216190?
1
What is the hundred millions digit of 1463778026?
4
What is the millions digit of 40390414?
0
What is the units digit of 1041188372?
2
What is the units digit of 91663420?
0
What is the tens digit of 369176064?
6
What is the thousands digit of 540019928?
9
What is the ten millions digit of 80132428?
8
What is the ten millions digit of 1845883617?
4
What is the units digit of 226897024?
4
What is the ten thousands digit of 195159112?
5
What is the ten millions digit of 277723958?
7
What is the units digit of 101415952?
2
What is the ten millions digit of 2783685389?
8
What is the hundred millions digit of 1579805562?
5
What is the ten thousands digit of 210326432?
2
What is the ten thousands digit of 96125780?
2
What is the hundred millions digit of 513692354?
5
What is the millions digit of 7957622?
7
What is the tens digit of 7777349356?
5
What is the ten thousands digit of 100873014?
7
What is the millions digit of 104439605?
4
What is the ten thousands digit of 109845762?
4
What is the units digit of 54519851?
1
What is the units digit of 272382530?
0
What is the tens digit of 2940707612?
1
What is the millions digit of 3585386246?
5
What is the units digit of 5586124?
4
What is the ten millions digit of 3662043248?
6
What is the hundreds digit of 26287397?
3
What is the hundreds digit of 203303091?
0
What is the tens digit of 82646115?
1
What is the ten millions digit of 29654460?
2
What is the millions digit of 3505144?
3
What is the units digit of 304596731?
1
What is the millions digit of 6798557480?
8
What is the ten thousands digit of 300491394?
9
What is the ten millions digit of 69704259?
6
What is the hundred millions digit of 135462965?
1
What is the hundreds digit of 1945108?
1
What is the units digit of 547150500?
0
What is the millions digit of 177736723?
7
What is the hundred millions digit of 840258342?
8
What is the tens digit of 253859385?
8
What is the millions digit of 18775416?
8
What is the thousands digit of 3824805639?
5
What is the ten thousands digit of 68223874?
2
What is the hundreds digit of 15427333?
3
What is the hundreds digit of 44435067?
0
What is the ten millions digit of 114254947?
1
What is the ten millions digit of 64852184?
6
What is the hundreds digit of 878463296?
2
What is the hundred thousands digit of 46091372?
0
What is the millions digit of 5909979?
5
What is the millions digit of 67960817?
7
What is the hundred thousands digit of 959934380?
9
What is the tens digit of 1065001345?
4
What is the units digit of 254166418?
8
What is the ten thousands digit of 122876522?
7
What is the thousands digit of 295622620?
2
What is the ten thousands digit of 75790698?
9
What is the hundred thousands digit of 58681429?
6
What is the hundred thousands digit of 1368492664?
4
What is the thousands digit of 131738650?
8
What is the hundreds digit of 667941967?
9
What is the units digit of 5534873861?
1
What is the millions digit of 101420479?
1
What is the ten millions digit of 1676696636?
7
What is the hundred millions digit of 2628192174?
6
What is the units digit of 2349671409?
9
What is the units digit of 62576654?
4
What is the ten thousands digit of 5098361012?
6
What is the hundreds digit of 1283669485?
4
What is the units digit of 215374407?
7
What is the ten millions digit of 270544333?
7
What is the units digit of 58792888?
8
What is the tens digit of 814409457?
5
What is the ten thousands digit of 2203943167?
4
What is the tens digit of 139175138?
3
What is the ten thousands digit of 4352132692?
3
What is the units digit of 616343894?
4
What is the hundreds digit of 7220061?
0
What is the hundred millions digit of 1653529165?
6
What is the ten millions digit of 37035606?
3
What is the tens digit of 1187577588?
8
What is the hundreds digit of 83025423?
4
What is the millions digit of 36894373?
6
What is the ten thousands digit of 1776477605?
7
What is the millions digit of 6265045?
6
What is the tens digit of 30369775?
7
What is the millions digit of 4204104314?
4
What is the tens digit of 6231186192?
9
What is the ten thousands digit of 41362163?
6
What is the tens digit of 841895090?
9
What is the thousands digit of 108697218?
7
What is the hundred thousands digit of 137584369?
5
What is the ten millions digit of 607482413?
0
What is the ten millions digit of 154312886?
5
What is the ten thousands digit of 121622037?
2
What is the hundred thousands digit of 419391254?
3
What is the billions digit of 1165140331?
1
What is the thousands digit of 48942908?
2
What is the units digit of 361275669?
9
What is the millions digit of 1647079482?
7
What is the millions digit of 5184016410?
4
What is the tens digit of 12229534?
3
What is the thousands digit of 962473805?
3
What is the hundreds digit of 1914462638?
6
What is the hundred millions digit of 105653142?
1
What is the thousands digit of 67143123?
3
What is the tens digit of 60095707?
0
What is the ten millions digit of 88215518?
8
What is the hundred thousands digit of 123614128?
6
What is the thousands digit of 1313361824?
1
What is the millions digit of 121558330?
1
What is the units digit of 87829760?
0
What is the hundreds digit of 121581682?
6
What is the hundred millions digit of 3249668121?
2
What is the ten thousands digit of 1332018968?
1
What is the millions digit of 61024955?
1
What is the hundred thousands digit of 138241712?
2
What is the thousands digit of 215761040?
1
What is the millions digit of 59437197?
9
What is the units digit of 292953407?
7
What is the hundred thousands digit of 161411731?
4
What is the thousands digit of 46153468?
3
What is the hundred millions digit of 2505132611?
5
What is the units digit of 1106522256?
6
What is the hundred thousands digit of 993303172?
3
What is the thousands digit of 162657656?
7
What is the units digit of 110170337?
7
What is the ten millions digit of 2499036576?
9
What is the hundred thousands digit of 73592402?
5
What is the hundreds digit of 251139927?
9
What is the millions digit of 3198224968?
8
What is the hundred millions digit of 232098752?
2
What is the hundreds digit of 252079996?
9
What is the ten thousands digit of 207115829?
1
What is the hundred thousands digit of 536497899?
4
What is the hundred millions digit of 491727283?
4
What is the millions digit of 2683018729?
3
What is the ten millions digit of 798081592?
9
What is the tens digit of 1342415390?
9
What is the ten thousands digit of 34639220?
3
What is the ten thousands digit of 3189948?
8
What is the thousands digit of 38625065?
5
What is the tens digit of 3471026003?
0
What is the thousands digit of 47302156?
2
What is the hundreds digit of 293198123?
1
What is the ten thou